der when 31656 is divided by 1123.
212
What is the remainder when 3207099188 is divided by 11785?
11783
Calculate the remainder when 62580 is divided by 1398.
1068
What is the remainder when 580214 is divided by 164?
146
What is the remainder when 2377342 is divided by 2377339?
3
Calculate the remainder when 266132662 is divided by 504.
502
What is the remainder when 4591195 is divided by 96?
91
What is the remainder when 529144 is divided by 756?
700
Calculate the remainder when 78043222 is divided by 500277.
10
What is the remainder when 249599 is divided by 49918?
9
What is the remainder when 2981837 is divided by 76457?
14
What is the remainder when 710743 is divided by 37?
10
What is the remainder when 13054719 is divided by 2632?
2631
What is the remainder when 14200500 is divided by 19?
14
What is the remainder when 167060 is divided by 54962?
2174
Calculate the remainder when 1552713 is divided by 129.
69
Calculate the remainder when 43625 is divided by 1428.
785
Calculate the remainder when 20554751 is divided by 314.
311
Calculate the remainder when 100647 is divided by 191.
181
Calculate the remainder when 12511262 is divided by 20714.
6
What is the remainder when 287826165 is divided by 95942048?
21
Calculate the remainder when 55758 is divided by 353.
337
What is the remainder when 105860816 is divided by 23210?
6
What is the remainder when 22790055 is divided by 458?
433
Calculate the remainder when 69235 is divided by 4618.
4583
Calculate the remainder when 689540 is divided by 390.
20
Calculate the remainder when 40566620 is divided by 84.
80
What is the remainder when 38722 is divided by 2967?
151
Calculate the remainder when 51520740 is divided by 317.
315
Calculate the remainder when 44743 is divided by 8764.
923
What is the remainder when 2138203 is divided by 1361?
72
Calculate the remainder when 975397 is divided by 22165.
137
What is the remainder when 314885 is divided by 52468?
77
What is the remainder when 6108306 is divided by 872?
818
Calculate the remainder when 79577 is divided by 199.
176
What is the remainder when 7908553 is divided by 86904?
289
Calculate the remainder when 3906734 is divided by 73.
66
What is the remainder when 6047 is divided by 2952?
143
Calculate the remainder when 5655306 is divided by 1819.
35
Calculate the remainder when 54655883 is divided by 162.
161
What is the remainder when 55231 is divided by 3246?
49
What is the remainder when 609417 is divided by 1911?
1719
What is the remainder when 108014285 is divided by 123?
113
What is the remainder when 17339954 is divided by 33?
5
Calculate the remainder when 97433623 is divided by 112640.
23
What is the remainder when 7879409 is divided by 654?
17
What is the remainder when 33829 is divided by 353?
294
What is the remainder when 240696377 is divided by 20?
17
Calculate the remainder when 3539652 is divided by 2982.
18
What is the remainder when 113391624 is divided by 9?
3
What is the remainder when 677985 is divided by 67796?
25
What is the remainder when 76417662 is divided by 16?
14
What is the remainder when 192900 is divided by 1737?
93
Calculate the remainder when 3902543 is divided by 93.
77
Calculate the remainder when 1338395 is divided by 191192.
51
What is the remainder when 22027603 is divided by 70?
3
What is the remainder when 44545 is divided by 14839?
28
What is the remainder when 22685457 is divided by 210?
207
What is the remainder when 1895638 is divided by 9?
4
What is the remainder when 24176 is divided by 24024?
152
Calculate the remainder when 219602939 is divided by 255.
254
What is the remainder when 5242199 is divided by 179?
5
Calculate the remainder when 18319677 is divided by 461.
459
What is the remainder when 486424 is divided by 571?
503
What is the remainder when 603634647 is divided by 925?
922
Calculate the remainder when 13101920 is divided by 202.
200
What is the remainder when 99898 is divided by 4714?
904
Calculate the remainder when 5454 is divided by 4957.
497
What is the remainder when 267428418 is divided by 70?
68
What is the remainder when 136997 is divided by 7210?
7
Calculate the remainder when 203481 is divided by 14389.
2035
Calculate the remainder when 801114 is divided by 11162.
8612
Calculate the remainder when 27581 is divided by 25374.
2207
Calculate the remainder when 74516 is divided by 148.
72
What is the remainder when 115217212 is divided by 19?
15
Calculate the remainder when 259467 is divided by 259456.
11
What is the remainder when 351152 is divided by 175501?
150
Calculate the remainder when 430234 is divided by 546.
532
What is the remainder when 28837 is divided by 3207?
3181
What is the remainder when 254129 is divided by 12705?
29
What is the remainder when 2928456 is divided by 732114?
0
Calculate the remainder when 2056826 is divided by 27.
20
Calculate the remainder when 1205465 is divided by 419.
2
What is the remainder when 128247107 is divided by 1415?
1412
Calculate the remainder when 18479268 is divided by 82130.
18
What is the remainder when 15307 is divided by 3749?
311
Calculate the remainder when 1413317699 is divided by 9441.
9440
What is the remainder when 3083720 is divided by 2354?
2334
What is the remainder when 123841 is divided by 11377?
10071
What is the remainder when 223088 is divided by 218?
74
Calculate the remainder when 11278730 is divided by 1486.
1476
What is the remainder when 77754 is divided by 76649?
1105
What is the remainder when 8134 is divided by 62?
12
Calculate the remainder when 1469287 is divided by 2691.
1
Calculate the remainder when 1168176 is divided by 46727.
1
What is the remainder when 4390896 is divided by 211?
197
Calculate the remainder when 1887242 is divided by 62.
24
Calculate the remainder when 56962 is divided by 1275.
862
What is the remainder when 234975 is divided by 9398?
25
What is the remainder when 4631008 is divided by 227?
208
What is the remainder when 22880403 is divided by 2805?
18
Calculate the remainder when 403637 is divided by 230.
217
Calculate the remainder when 2260813 is divided by 265.
98
Calculate the remainder when 190135 is divided by 396.
55
Calculate the remainder when 316622 is divided by 44.
42
Calculate the remainder when 4818735 is divided by 91.
12
What is the remainder when 852754 is divided by 852599?
155
What is the remainder when 99608702 is divided by 86?
62
Calculate the remainder when 24514 is divided by 3037.
218
Calculate the remainder when 22317413 is divided by 139.
129
What is the remainder when 8758070 is divided by 61?
56
What is the remainder when 4568489 is divided by 2284208?
73
Calculate the remainder when 34704567 is divided by 4957791.
30
Calculate the remainder when 3217828 is divided by 15.
13
What is the remainder when 3121292 is divided by 740?
712
What is the remainder when 3514156 is divided by 439265?
36
What is the remainder when 5700746 is divided by 950073?
308
Calculate the remainder when 19713782 is divided by 6571249.
35
What is the remainder when 417945 is divided by 10?
5
Calculate the remainder when 12644031 is divided by 63.
57
Calculate the remainder when 357131 is divided by 50980.
271
Calculate the remainder when 123654 is divided by 318.
270
What is the remainder when 7427600 is divided by 1856888?
48
What is the remainder when 7441167 is divided by 32?
15
What is the remainder when 159283 is divided by 5690?
5653
What is the remainder when 71867705 is divided by 71?
14
Calculate the remainder when 557198 is divided by 402.
26
Calculate the remainder when 1168500 is divided by 29.
3
Calculate the remainder when 10870523 is divided by 21.
20
What is the remainder when 588403 is divided by 49031?
31
Calculate the remainder when 80397 is divided by 2360.
157
Calculate the remainder when 1638 is divided by 1493.
145
Calculate the remainder when 2648437 is divided by 60191.
33
What is the remainder when 2846906 is divided by 711724?
10
What is the remainder when 14145137 is divided by 322?
321
What is the remainder when 54797256 is divided by 20?
16
Calculate the remainder when 1416775618 is divided by 460.
458
Calculate the remainder when 19366904 is divided by 12.
8
Calculate the remainder when 3445652 is divided by 246117.
14
Calculate the remai